8 is divided by 2605?
13
What is the remainder when 1268186 is divided by 134?
10
What is the remainder when 1778 is divided by 581?
35
Calculate the remainder when 37142 is divided by 12258.
368
What is the remainder when 2010 is divided by 1942?
68
Calculate the remainder when 35320 is divided by 21.
19
What is the remainder when 31857 is divided by 354?
351
What is the remainder when 132792 is divided by 15?
12
Calculate the remainder when 12654 is divided by 113.
111
What is the remainder when 10649 is divided by 409?
15
What is the remainder when 260802 is divided by 452?
450
What is the remainder when 29913 is divided by 1?
0
Calculate the remainder when 189365 is divided by 409.
407
What is the remainder when 41264 is divided by 21?
20
What is the remainder when 213 is divided by 117?
96
Calculate the remainder when 94652 is divided by 4115.
7
What is the remainder when 3727 is divided by 422?
351
What is the remainder when 68105 is divided by 11348?
17
Calculate the remainder when 22938 is divided by 2290.
38
Calculate the remainder when 104402 is divided by 133.
130
What is the remainder when 2296013 is divided by 12?
5
What is the remainder when 462 is divided by 43?
32
What is the remainder when 5855 is divided by 1920?
95
Calculate the remainder when 1015 is divided by 882.
133
What is the remainder when 14171 is divided by 14156?
15
What is the remainder when 3740399 is divided by 180?
179
Calculate the remainder when 457017 is divided by 103.
6
Calculate the remainder when 22672 is divided by 222.
28
Calculate the remainder when 191746 is divided by 129.
52
Calculate the remainder when 1311203 is divided by 368.
19
What is the remainder when 17708 is divided by 82?
78
What is the remainder when 807940 is divided by 106?
8
Calculate the remainder when 884 is divided by 281.
41
What is the remainder when 3533 is divided by 90?
23
What is the remainder when 396 is divided by 66?
0
Calculate the remainder when 162241 is divided by 81.
79
Calculate the remainder when 1682 is divided by 185.
17
What is the remainder when 96998 is divided by 102?
98
What is the remainder when 947 is divided by 902?
45
What is the remainder when 6190 is divided by 15?
10
What is the remainder when 87003 is divided by 28999?
6
Calculate the remainder when 2049 is divided by 734.
581
What is the remainder when 105317 is divided by 413?
2
What is the remainder when 4719 is divided by 330?
99
What is the remainder when 39596 is divided by 150?
146
Calculate the remainder when 16037 is divided by 42.
35
What is the remainder when 16788 is divided by 38?
30
Calculate the remainder when 89433 is divided by 283.
5
What is the remainder when 4512 is divided by 4290?
222
Calculate the remainder when 17002 is divided by 109.
107
What is the remainder when 55068 is divided by 32?
28
What is the remainder when 830329 is divided by 1318?
1307
Calculate the remainder when 17405 is divided by 1085.
45
What is the remainder when 12710 is divided by 481?
204
What is the remainder when 2408 is divided by 595?
28
Calculate the remainder when 177009 is divided by 44.
41
What is the remainder when 4426 is divided by 861?
121
What is the remainder when 14619 is divided by 575?
244
Calculate the remainder when 485 is divided by 247.
238
Calculate the remainder when 55939 is divided by 27967.
5
Calculate the remainder when 239282 is divided by 652.
650
Calculate the remainder when 5575 is divided by 7.
3
Calculate the remainder when 5723 is divided by 1319.
447
Calculate the remainder when 23633 is divided by 106.
101
Calculate the remainder when 4886 is divided by 935.
211
What is the remainder when 62096 is divided by 207?
203
What is the remainder when 20327 is divided by 442?
437
Calculate the remainder when 17704 is divided by 2932.
112
Calculate the remainder when 125348 is divided by 7.
6
Calculate the remainder when 467877 is divided by 3058.
3
What is the remainder when 1890 is divided by 278?
222
What is the remainder when 149085 is divided by 32?
29
Calculate the remainder when 3905 is divided by 74.
57
What is the remainder when 52428 is divided by 113?
109
Calculate the remainder when 12864 is divided by 6377.
110
What is the remainder when 51266 is divided by 274?
28
What is the remainder when 6978 is divided by 413?
370
Calculate the remainder when 3664 is divided by 71.
43
What is the remainder when 10236 is divided by 298?
104
What is the remainder when 36306 is divided by 133?
130
Calculate the remainder when 1305 is divided by 646.
13
What is the remainder when 1128 is divided by 126?
120
Calculate the remainder when 72361 is divided by 126.
37
Calculate the remainder when 99889 is divided by 17.
14
What is the remainder when 331138 is divided by 106?
100
What is the remainder when 14072 is divided by 69?
65
What is the remainder when 14679 is divided by 7336?
7
Calculate the remainder when 142433 is divided by 57.
47
Calculate the remainder when 1130907 is divided by 118.
113
Calculate the remainder when 2129 is divided by 1038.
53
What is the remainder when 61188 is divided by 589?
521
Calculate the remainder when 801 is divided by 130.
21
What is the remainder when 13064 is divided by 4280?
224
What is the remainder when 41121 is divided by 1327?
1311
What is the remainder when 82553 is divided by 20?
13
Calculate the remainder when 5143 is divided by 170.
43
Calculate the remainder when 33820 is divided by 3757.
7
Calculate the remainder when 37002 is divided by 116.
114
What is the remainder when 54753 is divided by 54?
51
Calculate the remainder when 3958 is divided by 246.
22
Calculate the remainder when 1181 is divided by 58.
21
Calculate the remainder when 1151546 is divided by 1894.
1888
Calculate the remainder when 10939 is divided by 109.
39
What is the remainder when 11683 is divided by 760?
283
Calculate the remainder when 62363 is divided by 15588.
11
Calculate the remainder when 314318 is divided by 170.
158
Calculate the remainder when 2722612 is divided by 7.
4
What is the remainder when 978 is divided by 19?
9
Calculate the remainder when 3084 is divided by 141.
123
What is the remainder when 56260 is divided by 14062?
12
What is the remainder when 73120 is divided by 1924?
8
What is the remainder when 9021 is divided by 2245?
41
Calculate the remainder when 19028 is divided by 656.
4
What is the remainder when 925 is divided by 347?
231
Calculate the remainder when 1451924 is divided by 39.
32
Calculate the remainder when 13715 is divided by 49.
44
Calculate the remainder when 98299 is divided by 16.
11
What is the remainder when 14661 is divided by 90?
81
What is the remainder when 4143 is divided by 317?
22
Calculate the remainder when 238 is divided by 60.
58
Calculate the remainder when 25315 is divided by 3150.
115
Calculate the remainder when 16760 is divided by 70.
30
What is the remainder when 4648 is divided by 93?
91
What is the remainder when 36460 is divided by 172?
168
Calculate the remainder when 3695 is divided by 18.
5
What is the remainder when 21100 is divided by 109?
63
Calculate the remainder when 66466 is divided by 32.
2
Calculate the remainder when 10312 is divided by 432.
376
Calculate the remainder when 37143 is divided by 15.
3
What is the remainder when 1711079 is divided by 126?
125
What is the remainder when 3092537 is divided by 1030842?
11
What is the remainder when 133464 is divided by 244?
240
Calculate the remainder when 1612 is divided by 82.
54
What is the remainder when 19426 is divided by 4852?
18
What is the remainder when 10324 is divided by 1483?
1426
Calculate the remainder when 3820 is divided by 675.
445
Calculate the remainder when 149384 is divided by 4268.
4
What is the remainder when 95865 is divided by 31948?
21
What is the remainder when 2856 is divided by 259?
7
Calculate the remainder when 917 is divided by 105.
77
Calculate the remainder when 7798895 is divided by 509.
506
What is the remainder when 40333 is divided by 272?
77
What is the remainder when 117311 is divided by 39097?
20
Calculate the remainder when 9556 is divided by 88.
52
Calculate the remainder when 8918 is divided by 8750.
168
What is the remainder when 5557 is divided by 472?
365
What is the remainder when 2949 is 